{"id":241,"date":"2017-08-08T14:00:29","date_gmt":"2017-08-08T14:00:29","guid":{"rendered":"https:\/\/victorthemes.com\/themes\/groppe\/?page_id=241"},"modified":"2020-06-04T17:17:05","modified_gmt":"2020-06-04T15:17:05","slug":"apropos","status":"publish","type":"page","link":"https:\/\/www.chantiers-ecoles.ma\/?page_id=241","title":{"rendered":"D\u00e9couvrir l&rsquo;AMC"},"content":{"rendered":"<p>[vc_row overlay_dotted=\u00a0\u00bb\u00a0\u00bb css=\u00a0\u00bb.vc_custom_1506604734439{margin-bottom: 45px !important;padding-right: 0px !important;padding-left: 0px !important;}\u00a0\u00bb][vc_column css=\u00a0\u00bb.vc_custom_1507708767000{padding-right: 20px !important;}\u00a0\u00bb offset=\u00a0\u00bbvc_col-lg-6 vc_col-md-6&Prime;][vc_single_image image=\u00a0\u00bb2678&Prime; img_size=\u00a0\u00bb540&#215;357&Prime;][\/vc_column][vc_column offset=\u00a0\u00bbvc_col-lg-6 vc_col-md-6&Prime; css=\u00a0\u00bb.vc_custom_1507709761955{padding-left: 20px !important;}\u00a0\u00bb][vc_column_text el_class=\u00a0\u00bbgrop-fix grop-about_txt\u00a0\u00bb]<\/p>\n<h3>HISTORIQUE<\/h3>\n<p>L\u2019Association Marocaine des Chantiers Ecoles pour le d\u00e9veloppement (AMC) est une ONG institutionnelle cr\u00e9\u00e9e en 16 Octobre 2008, elle est engag\u00e9e dans la formation professionnelle et l\u2019insertion des jeunes d\u00e9munis<strong>. <\/strong>Elle le fait via des programmes chantiers \u00e9coles sur le territoire marocain.<\/p>\n<p>L\u2019AMC a comme particularit\u00e9 de r\u00e9unir, dans son Assembl\u00e9e g\u00e9n\u00e9rale, comme membres le Minist\u00e8re de l\u2019Int\u00e9rieur \u00e0 travers l\u2019INDH (Initiative Nationale pour le D\u00e9veloppement Humain), le Minist\u00e8re de l\u2019Emploi et de la Formation Professionnelle, le Minist\u00e8re de la Culture, Le Secr\u00e9tariat d\u2019Etat aupr\u00e8s du Minist\u00e8re du Tourisme et de l\u2019Artisanat et le D\u00e9partement charg\u00e9 de la Formation Professionnelle.[\/vc_column_text][\/vc_column][\/vc_row][vc_row full_width=\u00a0\u00bbstretch_row\u00a0\u00bb overlay_dotted=\u00a0\u00bb\u00a0\u00bb css=\u00a0\u00bb.vc_custom_1577208668840{background-color: #f9f9f9 !important;}\u00a0\u00bb][vc_column css=\u00a0\u00bb.vc_custom_1507807023746{padding-right: 0px !important;padding-left: 0px !important;}\u00a0\u00bb]    <!--Great Mission area start \\-->\n        <section class=\"grop-ab_msion_area\">\n          <div class=\"container\">\n            <div class=\"row\">\n              <!--Great Mission heading text start \\-->\n              <div class=\"col-md-3  col-sm-6  no-right-padding\">\n                <div class=\"grop-ab_msion_heading\">\n                  <h3>L\u2019AMC est organis\u00e9e en 3 p\u00f4les d\u2019activit\u00e9 :<\/h3>                <\/div>\n              <\/div><!--\/Great Mission heading text end-->\n                                <!--Great Mission single start \\-->\n    <div class=\"col-md-3  col-sm-6\">\n      <div class=\"grop-ab_msions_cont\">\n\n                <div class=\"grop-ab_msions_image\">\n          <img src=\"https:\/\/www.chantiers-ecoles.ma\/wp-content\/uploads\/2019\/12\/A-020-scaled.jpg\" alt=\"P\u00f4le Formation dans les m\u00e9tiers de restauration de patrimoine\" \/>\n        <\/div>\n        <div class=\"grop-ab_msions_txt\">\n        <h4>P\u00f4le Formation dans les m\u00e9tiers de restauration de patrimoine<\/h4><p>Ma\u00e7onnerie de restauration, menuiserie d\u2019art, ferronnerie d\u2019art, plomberie sanitaire, \u00e9lectricit\u00e9 de b\u00e2timent, pl\u00e2tre et Zellige traditionnel<\/p>          <ul class=\"grop-ab_msions_list\">\n                      <\/ul>\n        <\/div><!--\/end-->\n      <\/div>\n    <\/div><!--\/Great Mission single end-->\n                      <!--Great Mission single start \\-->\n    <div class=\"col-md-3  col-sm-6\">\n      <div class=\"grop-ab_msions_cont\">\n\n                <div class=\"grop-ab_msions_image\">\n          <img src=\"https:\/\/www.chantiers-ecoles.ma\/wp-content\/uploads\/2019\/12\/Recovered_JPEG-Digital-Camera_17641.jpg\" alt=\"P\u00f4le Formation de mise \u00e0 niveau\" \/>\n        <\/div>\n        <div class=\"grop-ab_msions_txt\">\n        <h4>P\u00f4le Formation de mise \u00e0 niveau<\/h4><p>Math\u00e9matique de base, informatique de base, gestion, citoyennet\u00e9 (Education \u00e0 l\u2019environnement, Egalit\u00e9 des chances-genre\u2026) L\u2019objectif est de renforcer les capacit\u00e9s techniques et personnelles du jeune, lui permettant \u00e0 la fin de la formation; \u00eatre un individu responsable et professionnel capable de s\u2019ins\u00e9rer dans le march\u00e9 du travail<\/p>          <ul class=\"grop-ab_msions_list\">\n                      <\/ul>\n        <\/div><!--\/end-->\n      <\/div>\n    <\/div><!--\/Great Mission single end-->\n                      <!--Great Mission single start \\-->\n    <div class=\"col-md-3  col-sm-6\">\n      <div class=\"grop-ab_msions_cont\">\n\n                <div class=\"grop-ab_msions_image\">\n          <img src=\"https:\/\/www.chantiers-ecoles.ma\/wp-content\/uploads\/2019\/12\/Recovered_JPEG-Digital-Camera_1536.jpg\" alt=\"P\u00f4le Accompagnement socio professionnelle\" \/>\n        <\/div>\n        <div class=\"grop-ab_msions_txt\">\n        <h4>P\u00f4le Accompagnement socio professionnelle<\/h4><p>Accompagner individuellement dans la r\u00e9solution de leurs probl\u00e9matiques sociales et la r\u00e9alisation de leur projet professionnel<\/p>          <ul class=\"grop-ab_msions_list\">\n                      <\/ul>\n        <\/div><!--\/end-->\n      <\/div>\n    <\/div><!--\/Great Mission single end-->\n                <\/div>\n          <\/div>\n        <\/section><!--\/ =XXX Great Mission area end XXX=-->\n  [\/vc_column][\/vc_row][vc_row full_width=\u00a0\u00bbstretch_row\u00a0\u00bb overlay_dotted=\u00a0\u00bb\u00a0\u00bb][vc_column][vc_column_text el_class=\u00a0\u00bbgrop-fix grop-about_txt\u00a0\u00bb]<\/p>\n<h3>OBJECTIFS DE L&rsquo;AMC<\/h3>\n<p>Depuis sa cr\u00e9ation, l\u2019Association Marocaine Chantiers \u00e9coles pour le d\u00e9veloppement (AMC) a pour mission la formation des jeunes d\u00e9favoris\u00e9s aux m\u00e9tiers de r\u00e9habilitation du patrimoine culturel. Elle le fait via des programmes chantiers \u00e9coles sur le territoire marocain. Ainsi elle contribue \u00e0 la conservation du patrimoine historique et culturel du Maroc, \u00e0 l\u2019am\u00e9lioration des conditions sociales des jeunes, filles et gar\u00e7ons tout en leur ouvrant une porte certaine sur le march\u00e9 du travail. Elle a comme particularit\u00e9 de r\u00e9unir, dans son Assembl\u00e9e g\u00e9n\u00e9rale, comme membres le Minist\u00e8re de l\u2019Int\u00e9rieur \u00e0 travers l\u2019INDH (Initiative Nationale pour le D\u00e9veloppement Humain), le Minist\u00e8re de l\u2019Emploi et de la Formation Professionnelle, le Minist\u00e8re de la Culture, le Minist\u00e8re de l\u2019Artisanat, et le Minist\u00e8re de Tourisme.[\/vc_column_text][\/vc_column][\/vc_row][vc_row full_width=\u00a0\u00bbstretch_row\u00a0\u00bb overlay_dotted=\u00a0\u00bb\u00a0\u00bb css=\u00a0\u00bb.vc_custom_1577210663043{background-color: #f9f9f9 !important;}\u00a0\u00bb][vc_column width=\u00a0\u00bb1\/2&Prime;][vc_column_text el_class=\u00a0\u00bbgrop-fix grop-about_txt\u00a0\u00bb]<strong>Les objectifs sp\u00e9cifiques de l\u2019AMC sont comme suit:<\/strong><\/p>\n<ul>\n<li>Cr\u00e9ation de plusieurs Chantiers \u00c9coles dans diff\u00e9rentes villes du Maroc, selon les disponibilit\u00e9s budg\u00e9taires;<\/li>\n<li>Contribution \u00e0 la r\u00e9habilitation et la conservation du patrimoine historique et culturel du Maroc afin d\u2019am\u00e9liorer les conditions sociales,<\/li>\n<li>R\u00e9cup\u00e9ration et r\u00e9\u00e9valuation des m\u00e9tiers traditionnels et modernes en rapport avec la conservation du patrimoine historique et culturel;<\/li>\n<li>Qualification des jeunes \u00e0 travers la formation et la pratique professionnelle, dans des m\u00e9tiers traditionnels et modernes de r\u00e9habilitation du patrimoine culturel;<\/li>\n<li>R\u00e9alisation de projets permettant la pr\u00e9servation du patrimoine culturel<\/li>\n<\/ul>\n<p>[\/vc_column_text][\/vc_column][vc_column width=\u00a0\u00bb1\/2&Prime;][vc_column_text el_class=\u00a0\u00bbgrop-fix grop-about_txt\u00a0\u00bb]<\/p>\n<ul>\n<li>Promotion d\u2019initiatives pour la cr\u00e9ation d\u2019entreprises ou coop\u00e9ratives constitu\u00e9es par des jeunes<\/li>\n<li>\u00c9tablissement de m\u00e9canisme pour l\u2019orientation et la m\u00e9diation pour le travail<\/li>\n<li>Promotion et diffusion du patrimoine culturel ainsi que des interventions effectu\u00e9es pour sa conservation et mise en valeur<\/li>\n<li>\u00c9change d\u2019exp\u00e9riences et am\u00e9lioration mutuelle entre les Chantiers \u00c9coles<\/li>\n<li>Promotion et commercialisation de l\u2019image, le nom, la marque et d\u2019autres attributs des Chantiers \u00c9coles, ainsi que de leurs services et produits afin de r\u00e9aliser les objectifs de l\u2019association<\/li>\n<li>Collaboration avec des organismes ayant des objectifs similaires \u00e0 travers des conventions afin d\u2019unir les efforts pour l\u2019atteinte du dit projet<\/li>\n<\/ul>\n<p>[\/vc_column_text][\/vc_column][\/vc_row][vc_row full_width=\u00a0\u00bbstretch_row\u00a0\u00bb overlay_dotted=\u00a0\u00bb\u00a0\u00bb css=\u00a0\u00bb.vc_custom_1577210677914{background-color: #ffffff !important;}\u00a0\u00bb][vc_column][vc_column_text]Les b\u00e9n\u00e9ficiaires sont surtout des Jeunes hommes et femmes entre 15 et 25 ans, \u00e0 faible revenu et \u00e0 risque d&rsquo;exclusion sociale en milieu urbain ou p\u00e9riph\u00e9rie, qui ont quitt\u00e9 l&rsquo;\u00e9ducation formelle et pour lesquels le concept \u00ab Chantier \u00c9cole \u00bb, peut \u00eatre une opportunit\u00e9 de formation et d&rsquo;insertion socioprofessionnelle, am\u00e9liorant leur qualit\u00e9 de vie et\u00a0 celles de leurs familles. Les b\u00e9n\u00e9ficiaires doivent \u00e9galement \u00eatre sans emploi.<\/p>\n<p>Pour la concr\u00e9tisation de ses projets, l\u2019AMC d\u00e9veloppe\u00a0 une multitude de partenariats aussi bien avec les acteurs nationaux que les institutions et bailleurs internationaux.[\/vc_column_text][\/vc_column][\/vc_row][vc_row full_width=\u00a0\u00bbstretch_row\u00a0\u00bb overlay_dotted=\u00a0\u00bb\u00a0\u00bb css=\u00a0\u00bb.vc_custom_1577210173411{margin-right: 0px !important;margin-left: 0px !important;background-color: #f0c84c !important;}\u00a0\u00bb][vc_column css=\u00a0\u00bb.vc_custom_1504694696117{padding-top: 0px !important;}\u00a0\u00bb]<div class=\"grop-callout_area  grop-parlx-69f31888d5c97\"><div class=\"grop-vertical_middle  grop-fix grop-callout_container   vc_custom_1504695436119\"><div class=\"grop-ab_calut_txt\"><h3>REJOIGNEZ L&rsquo;AMC<\/h3>\n<p>Rejoignez l&rsquo;association et participez \u00e0 ses diff\u00e9rentes activit\u00e9s.<\/p>\n<\/div><div class=\"grop-float_right grop-callout_btn_warp\"><div class=\"calout-btn\"><a class=\"grop-btn grop-btn_overly grop-callout_btn grop-btn-69f31888d5d38-rejoignez-nous  \" href=\"http:\/\/www.chantiers-ecoles.ma\/?page_id=576\"><span>Rejoignez-nous !<\/span><\/a><\/div><\/div><\/div><\/div>[\/vc_column][\/vc_row][vc_row overlay_dotted=\u00a0\u00bb\u00a0\u00bb css=\u00a0\u00bb.vc_custom_1506604392594{padding-top: 73px !important;padding-bottom: 60px !important;}\u00a0\u00bb][vc_column css=\u00a0\u00bb.vc_custom_1507804448961{padding-top: 0px !important;}\u00a0\u00bb]<div class=\"grop-section_text   grop-heading-69f31888d5d60   text-left\"><h2 class=\"text-uppercase grop-sctn_title_fntSz-30   grop-heading-69f31888d5d60  text-left\">Structure organisationnelle<\/h2><\/div>[vc_column_text]L\u2019Association Marocaine des Chantiers \u00c9coles pour le D\u00e9veloppement se compose de :<\/p>\n<p><strong>1 &#8211;<\/strong> <strong>Fondateurs :<\/strong> Personnes morales (publiques ou priv\u00e9s) qui prennent part \u00e0 l\u2019Assembl\u00e9 g\u00e9n\u00e9rale Constitutive de l\u2019association<\/p>\n<p>L\u2019AMC a comme particularit\u00e9 de r\u00e9unir, dans son Assembl\u00e9e g\u00e9n\u00e9rale, comme membres Fondateurs\u00a0:<\/p>\n<ul>\n<li>Minist\u00e8re de l\u2019Int\u00e9rieur \u00e0 travers l\u2019INDH (Initiative Nationale pour le D\u00e9veloppement Humain),<\/li>\n<li>le Minist\u00e8re de l\u2019Emploi et de la Formation Professionnelle,<\/li>\n<li>le Minist\u00e8re de la Culture,<\/li>\n<li>Le Secr\u00e9tariat d\u2019Etat aupr\u00e8s du Minist\u00e8re du Tourisme et de l\u2019Artisanat<\/li>\n<li>Le D\u00e9partement charg\u00e9 de la Formation Professionnelle<\/li>\n<li>L\u2019Association initiatives 21 pour le D\u00e9veloppement<\/li>\n<\/ul>\n<p><strong>2 &#8211; Adh\u00e9rents :<\/strong> ces personnes contribuent gracieusement aux diff\u00e9rentes activit\u00e9s de l\u2019association<br \/>\nL\u2019AMC compte toujours avec des personnes aux expertises vari\u00e9es et pr\u00eates \u00e0 s\u2019investir\u00a0 pour la r\u00e9alisation de la mission de l\u2019association.[\/vc_column_text][\/vc_column][\/vc_row][vc_row full_width=\u00a0\u00bbstretch_row\u00a0\u00bb overlay_dotted=\u00a0\u00bb\u00a0\u00bb css=\u00a0\u00bb.vc_custom_1577210663043{background-color: #f9f9f9 !important;}\u00a0\u00bb][vc_column width=\u00a0\u00bb1\/2&Prime;][vc_column_text el_class=\u00a0\u00bbgrop-fix grop-about_txt\u00a0\u00bb]<strong>Conseil d\u2019administration\u00a0: <\/strong><\/p>\n<p>Le conseil d\u2019administration comprend Cinq membres b\u00e9n\u00e9voles \u00e9lus parmi les membres de l\u2019assembl\u00e9 g\u00e9n\u00e9ral<\/p>\n<ul>\n<li><strong>Le Pr\u00e9sident\u00a0: Rachid CHRIQI<\/strong><\/li>\n<li><strong>Le Vice-pr\u00e9sident\u00a0: Abdelhamid EL JAMRI<\/strong><\/li>\n<li><strong>Secr\u00e9taire g\u00e9n\u00e9rale\u00a0: Mohamed HA\u00cfDOUR<\/strong><\/li>\n<li><strong>Tr\u00e9sorier\u00a0: Ouafae RHOUNI BELLOUTI<\/strong><\/li>\n<li><strong>Conseiller\u00a0: Najib DAHBI<\/strong><\/li>\n<\/ul>\n<p>[\/vc_column_text][\/vc_column][vc_column width=\u00a0\u00bb1\/2&Prime;][vc_column_text el_class=\u00a0\u00bbgrop-fix grop-about_txt\u00a0\u00bb]<strong>L\u2019\u00e9quipe des permanents\u00a0:<\/strong><\/p>\n<ul>\n<li><strong>Coordinateur National<\/strong><\/li>\n<li><strong>Responsable Administratif et financier <\/strong><\/li>\n<li><strong>Responsable d\u2019accompagnement socioprofessionnel<\/strong><\/li>\n<li><strong>Chef des interventions techniques<\/strong><\/li>\n<li><strong>Assistante administrative<\/strong><\/li>\n<li><strong>Formateurs des m\u00e9tiers (M\u00e9tiers de restauration du patrimoine)<\/strong><\/li>\n<li><strong>Formateurs de mise \u00e0 niveau<\/strong><\/li>\n<li><strong>Formateurs accompagnateurs<\/strong><\/li>\n<\/ul>\n<p>[\/vc_column_text][\/vc_column][\/vc_row]<\/p>\n","protected":false},"excerpt":{"rendered":"[vc_row overlay_dotted=\u00a0\u00bb\u00a0\u00bb css=\u00a0\u00bb.vc_custom_1506604734439{margin-bottom: 45px !important;padding-right: 0px !important;padding-left: 0px !important;}\u00a0\u00bb][vc_column css=\u00a0\u00bb.vc_custom_1507708767000{padding-right: 20px !important;}\u00a0\u00bb offset=\u00a0\u00bbvc_col-lg-6 vc_col-md-6&Prime;][vc_single_image image=\u00a0\u00bb2678&Prime; img_size=\u00a0\u00bb540&#215;357&Prime;][\/vc_column][vc_column offset=\u00a0\u00bbvc_col-lg-6 vc_col-md-6&Prime; css=\u00a0\u00bb.vc_custom_1507709761955{padding-left: 20px !important;}\u00a0\u00bb][vc_column_text el_class=\u00a0\u00bbgrop-fix grop-about_txt\u00a0\u00bb] HISTORIQUE L\u2019Association Marocaine des Chantiers Ecoles pour le d\u00e9veloppement (AMC) est une ONG institutionnelle cr\u00e9\u00e9e en 16 Octobre 2008, elle est engag\u00e9e dans la formation professionnelle et l\u2019insertion des jeunes d\u00e9munis. Elle &#8230;","protected":false},"author":2,"featured_media":0,"parent":0,"menu_order":0,"comment_status":"closed","ping_status":"closed","template":"","meta":[],"_links":{"self":[{"href":"https:\/\/www.chantiers-ecoles.ma\/index.php?rest_route=\/wp\/v2\/pages\/241"}],"collection":[{"href":"https:\/\/www.chantiers-ecoles.ma\/index.php?rest_route=\/wp\/v2\/pages"}],"about":[{"href":"https:\/\/www.chantiers-ecoles.ma\/index.php?rest_route=\/wp\/v2\/types\/page"}],"author":[{"embeddable":true,"href":"https:\/\/www.chantiers-ecoles.ma\/index.php?rest_route=\/wp\/v2\/users\/2"}],"replies":[{"embeddable":true,"href":"https:\/\/www.chantiers-ecoles.ma\/index.php?rest_route=%2Fwp%2Fv2%2Fcomments&post=241"}],"version-history":[{"count":14,"href":"https:\/\/www.chantiers-ecoles.ma\/index.php?rest_route=\/wp\/v2\/pages\/241\/revisions"}],"predecessor-version":[{"id":2979,"href":"https:\/\/www.chantiers-ecoles.ma\/index.php?rest_route=\/wp\/v2\/pages\/241\/revisions\/2979"}],"wp:attachment":[{"href":"https:\/\/www.chantiers-ecoles.ma\/index.php?rest_route=%2Fwp%2Fv2%2Fmedia&parent=241"}],"curies":[{"name":"wp","href":"https:\/\/api.w.org\/{rel}","templated":true}]}}